= -263 + 453. What is the highest common factor of h and 76?
38
Let v(s) = s**3 + 3*s**2 + 2*s - 4. Let b be v(-4). Let i = b - -73. Calculate the highest common factor of i and 5.
5
Let x(v) = v**2 + 4*v - 5. Let j be x(-5). Let m be (-960)/(j + -5) - (4 + -1). What is the greatest common divisor of 21 and m?
21
Suppose 0 = 3*j - 3, 3*j - 11 = q - 2*j. Let c(l) = -l**2 + 14*l + 13*l**2 + 7 - 5*l**2. Let i be c(q). What is the greatest common divisor of i and 70?
35
Let s be (-318)/(-8)*((-440)/60 + 10). Calculate the greatest common factor of 8 and s.
2
Suppose c = 2*c - 27. Suppose -2*w = -5*w + c. Suppose -5*v - 113 = -3*j + 78, -5*j = -v - 355. Calculate the highest common divisor of w and j.
9
Suppose -4*q - 5*m + 136 = -749, 0 = -5*q + 5*m + 1140. Calculate the greatest common divisor of q and 25.
25
Let q be ((-56)/12)/(10/(-15)). Suppose -3*j - 88 = -q*j. Calculate the highest common factor of j and 33.
11
Suppose -2*c = 0, 2*f + 2 = -2*c - 4. Let s be f + 7/((-7)/(-138)). Suppose 0 = -4*j + 98 - 38. Calculate the greatest common factor of j and s.
15
Let p be 8/1 + -1 + -1. Let d(q) = q**2 + 7*q + 3. Let a be d(-7). Calculate the highest common factor of p and a.
3
Let a = -257 + 279. What is the highest common divisor of 209 and a?
11
Suppose -3*g + 152 + 298 = 0. Suppose -8*a - 2*a + g = 0. What is the highest common divisor of a and 195?
15
Let s(n) = -n**3 - 2*n**2 + 76*n + 209. Let c be s(0). What is the highest common factor of 19 and c?
19
Let s = 40 + -37. Suppose -s*l - 9*l + 168 = 0. Let z(i) = -i**3 + 12*i**2 - 12*i - 9. Let j be z(9). What is the greatest common divisor of l and j?
14
Let x(h) = -25*h - 120. Let j be x(-17). Calculate the highest common divisor of j and 5.
5
Let w = 6 - -2. Suppose 11*d - 42 = w*d. Calculate the greatest common divisor of 7 and d.
7
Suppose 2*f - 40 = -4*m, -145 = -2*f - 3*f + 5*m. Suppose 0 = 7*x - 5*x - f. Calculate the highest common factor of 1 and x.
1
Let z = -143 - -144. Calculate the greatest common divisor of z and 59.
1
Suppose k = 4 + 9. Let r be (3 - 2)*(-2 + k). Suppose 2*t + t - r = 2*q, 3*t + 4*q + 13 = 0. What is the highest common divisor of 8 and t?
1
Let a be 34*6*3/12. Let g = 692 + -658. What is the highest common factor of g and a?
17
Suppose 20*s = -16*s + 3276. Calculate the highest common factor of s and 91.
91
Let s(j) = -7*j - 7. Let t be s(-5). Let d be (-59 + 99)*2/((-8)/(-7)). What is the highest common divisor of t and d?
14
Suppose m + 2*i - 26 = -0*i, m + i - 26 = 0. Let y be (-4 - -1)*305/(-15). Let z = y - m. What is the highest common divisor of z and 7?
7
Let i be 1048362/5014 + (-2)/23. Calculate the highest common factor of 11 and i.
11
Let u = -12 - -47. Suppose g - 4*z - u = 27, -4*z + 78 = g. What is the highest common divisor of 56 and g?
14
Suppose 5*f = -2*k + 24, -3*f = -5*k + 35 + 25. Let l be (-9429)/(-126) - (-2)/k. What is the greatest common factor of l and 30?
15
Suppose 97*d = 100*d + 3*k - 24, 3*d = -k + 30. What is the highest common divisor of 99 and d?
11
Let f = 25 - 10. Let v be 2*3/6*5. Calculate the highest common divisor of f and v.
5
Let a(r) = -19*r - 3. Let k be a(3). Let d be (-348)/k - 4/5. Calculate the greatest common factor of 10 and d.
5
Let o = 152 + -137. Let x be (-1 - 0)*(-9 - -4). Calculate the highest common divisor of x and o.
5
Suppose w = 4 + 2. Suppose -2*a = -5*f - 5*a + 210, 5*f - 4*a - 210 = 0. What is the highest common divisor of w and f?
6
Let z(h) = h**3 - 13*h**2 + 5*h - 9. Let o be z(13). What is the highest common factor of o and 126?
14
Suppose -2*w = 5*s - 44, s + 2*w = 5*s - 46. Suppose 2*d = 21*x - 23*x + 166, 0 = x - 2*d - 74. Calculate the highest common divisor of x and s.
10
Suppose 0 = 4*y + 6*p - 3*p - 40, -5*y + 50 = 3*p. Let n be 3*(3 - (-12)/9). Let t = n - y. What is the highest common factor of 12 and t?
3
Suppose -38*c + 48*c = 200. What is the highest common divisor of 3980 and c?
20
Let r(t) = 4*t**2 + 65*t - 33. Let l be r(-17). What is the greatest common divisor of 18 and l?
18
Let s(l) = -310*l**3 + 2*l**2 - l - 2. Let d be s(-1). Suppose 3*b - d + 95 = 0. What is the greatest common divisor of 18 and b?
18
Let s(d) = d**3 + 10*d**2 + 9*d + 9. Let y be s(-9). Suppose y*q = 10*q - 17. Calculate the greatest common factor of 85 and q.
17
Let h be ((-896)/(-12))/7*3 + 4. Suppose 3*u + n - 12 = 12, 5*u = -3*n + h. What is the highest common factor of 3 and u?
3
Suppose 12 = 4*d - d. Suppose 0 = 4*u + d*u - 32. Calculate the greatest common factor of 6 and u.
2
Suppose -w - 16 = -v, 21 = 2*v + 4*w + 7. What is the greatest common divisor of v and 52?
13
Let u be (0 - 256/6)*(-396)/88. Calculate the greatest common divisor of 480 and u.
96
Let i be (-5)/((-15)/57)*2 + -5. What is the highest common factor of i and 93?
3
Suppose -2*l = -l - x - 1, -4*l + 19 = -x. Let a be 52/(-20)*5/(-2)*2. Suppose -a*w - 108 = -15*w. What is the highest common divisor of w and l?
6
Let c(y) = 2*y**2 + y. Let n be c(1). Suppose n*f - 31 = 65. Suppose 0 = -4*t + 88 - f. Calculate the greatest common factor of t and 14.
14
Let u(q) = -3*q - 1. Let m be u(-3). Suppose 0 = 3*d - 4*x - 52, 2*x + 34 = -14*d + 16*d. Calculate the greatest common factor of d and m.
8
Suppose 0 = -o - 1 + 21. Let a(p) = -p**3 + 3*p**2 + 5*p + 8. Suppose 3*h = 1 - 13. Let m be a(h). Calculate the highest common factor of o and m.
20
Suppose 2*d = -4*b + 284, -5*b = -2*d - 62 - 302. Suppose 3*n = -4*p + p + 69, -2*p + n + 49 = 0. Calculate the highest common factor of b and p.
24
Let w be 23/((-253)/44)*-16. Suppose 32 = 6*g - 2*g. Calculate the highest common divisor of g and w.
8
Let g = -5 - -7. Suppose g*f + 0*f - 58 = 0. Let v = -13 + f. Calculate the highest common divisor of 64 and v.
16
Suppose -2*d = -4*j + 200 - 18, -173 = -4*j - d. Let x(u) = 4*u + 31. Let v be x(-7). Let k be v + (4/1)/4*1. What is the highest common factor of j and k?
4
Let c be (-178)/(-7) + ((-40)/35)/(-2). Calculate the greatest common divisor of c and 2.
2
Let g(k) = -k**2 - 7*k + 9. Let n be (-17 + 11)*(-2)/4. Suppose n*o + 14 = o. Let v be g(o). What is the highest common factor of v and 9?
9
Suppose -332 + 12 = -4*w. Suppose 3*b = 5*z - 74, 4*z = -5*b - 2 - 72. Let j = b - -34. What is the highest common factor of j and w?
16
Let i = -804 - -869. What is the greatest common factor of 2015 and i?
65
Let s(i) be the first derivative of -i**4/4 - 5*i**3/3 - 5*i**2/2 - i - 8. Let r be s(-5). Calculate the greatest common divisor of r and 12.
12
Let i(r) = -r + 6. Let g be i(-3). Suppose 2*d - 245 - g = 0. Suppose -m + 2*y = -d, -3*m + 2*m - y = -124. What is the highest common factor of m and 50?
25
Suppose -3*h = -2*f - 264, -5*h + 238 = 3*f - 202. Suppose 0 = 2*w - 2 - 2, -w - h = -g. Calculate the highest common divisor of 18 and g.
18
Suppose 16*d + 2*d = 666. Let l = d - 3. Calculate the highest common factor of l and 85.
17
Let s(c) = 29*c - 65. Let o be s(9). What is the highest common factor of o and 21?
7
Suppose -3*y - 97 = 2*j, -y - 4*j - 3 - 16 = 0. Let g = y - -91. What is the greatest common divisor of 7 and g?
7
Let a = 18 - 1. Let o = 247 - 111. What is the greatest common divisor of a and o?
17
Let x be (6 - (3 + 1))*16. Suppose 0 = 4*j + 2*f - 30, -f - 22 = -3*j - 3*f. Let v be 4/(-5)*(j + -13). Calculate the highest common factor of v and x.
4
Suppose 30*h - 8440 = 200. Suppose -4*t = 2*z + 108, 0*z - z - 66 = 5*t. Let g be (2 - z)*(-6)/(-9). Calculate the greatest common divisor of h and g.
32
Suppose 0*h - r = -h + 15, 3*h = r + 35. Suppose 5*n = 27 - 2. Suppose -n*z + 6 + 44 = 0. What is the greatest common factor of z and h?
10
Let z be (0 + 16)/((-2)/(-13)). Calculate the highest common divisor of z and 39.
13
Let t = 14 + -41. Let i = t - -81. Suppose 281 - 308 = -3*z. What is the highest common divisor of z and i?
9
Let n(v) = -19*v + 127. Let f be n(-8). What is the greatest common divisor of 3 and f?
3
Let y = 6 + 25. Let m = y + -13. What is the greatest common factor of m and 12?
6
Suppose -5*a + j + 3*j = -1742, -5*a + j + 1748 = 0. What is the greatest common factor of 14 and a?
14
Suppose -5*i - 21 = -2*t, 4*t = -0*t - i - 13. Let k be (3 + 7/t)*-24. Calculate the highest common divisor of k and 4.
4
Let i = -